{"id":915,"date":"2016-01-28T09:47:30","date_gmt":"2016-01-28T09:47:30","guid":{"rendered":"http:\/\/demo.oceanthemes.net\/archi\/?page_id=915"},"modified":"2018-07-23T14:18:36","modified_gmt":"2018-07-23T11:18:36","slug":"hizmetlerimiz","status":"publish","type":"page","link":"https:\/\/canersezer.com\/index.php\/hizmetlerimiz\/","title":{"rendered":"Hizmetlerimiz"},"content":{"rendered":"<p>[vc_row css=&#8221;.vc_custom_1453975727142{padding-top: 90px !important;padding-bottom: 30px !important;}&#8221;][vc_column]<div id=\"services-masonry\" class=\"masonry row\">\n\t\n\t<div class=\"col-md-3 item\">\n\t\t\n\t\t\t\t\t\n\t\t\t<h3>Mimarl\u0131k Hizmetleri<\/h3>\n\t\t\t<p>Caner Sezer Mimarl\u0131k olarak kaliteli, sa\u011flam ve dekoratif mimarl\u0131k hizmetlerini sa\u011flamaktay\u0131z. Bu do\u011frultuda y\u00fczlerce proje ve uygulama kaydetmi\u015f bulunmaktay\u0131z. En yeni projelerimizi ve zevkinize uygun mimarl\u0131k hizmetlerini vermek i\u00e7in sizleri ofisimize bekliyoruz.<\/p>\n\t\t\t\t\t\t\t<div class=\"spacer-single-10\"><\/div>\n\t\t        <a href=\"https:\/\/canersezer.com\/?p=1670\"><img loading=\"lazy\" decoding=\"async\" width=\"800\" height=\"480\" src=\"https:\/\/canersezer.com\/wp-content\/uploads\/2017\/11\/mimarl\u0131kde.jpg\" class=\"img-responsive wp-post-image\" alt=\"\" srcset=\"https:\/\/canersezer.com\/wp-content\/uploads\/2017\/11\/mimarl\u0131kde.jpg 800w, https:\/\/canersezer.com\/wp-content\/uploads\/2017\/11\/mimarl\u0131kde-300x180.jpg 300w, https:\/\/canersezer.com\/wp-content\/uploads\/2017\/11\/mimarl\u0131kde-768x461.jpg 768w\" sizes=\"(max-width: 800px) 100vw, 800px\" \/><\/a>\n\t\t\t\t\t\t\n\t\t\n\t<\/div>\n\n\t\n\t<div class=\"col-md-3 item\">\n\t\t\n\t\t\t\t\t\n\t\t\t<h3>M\u00fchendislik Hizmetleri<\/h3>\n\t\t\t<p>Caner Sezer Mimarl\u0131k ofisi olarak i\u015finde uzman m\u00fchendislerimizle sizler i\u00e7in sa\u011flam, dayan\u0131kl\u0131 ve \u015f\u0131k yap\u0131lar in\u015fa etmekteyiz. T\u00fcrkiye genelinde \u00e7al\u0131\u015fmalar\u0131n\u0131 s\u00fcrd\u00fcren mimarl\u0131k, m\u00fchendislik ve in\u015faat ofisi olarak projelerimizi incelemek \u00fczere sizleri ofisimize bekliyoruz.<\/p>\n\t\t\t\t\t\t\t<div class=\"spacer-single-10\"><\/div>\n\t\t        <a href=\"https:\/\/canersezer.com\/?p=1674\"><img loading=\"lazy\" decoding=\"async\" width=\"800\" height=\"480\" src=\"https:\/\/canersezer.com\/wp-content\/uploads\/2017\/11\/mimarl\u0131k2de.jpg\" class=\"img-responsive wp-post-image\" alt=\"\" srcset=\"https:\/\/canersezer.com\/wp-content\/uploads\/2017\/11\/mimarl\u0131k2de.jpg 800w, https:\/\/canersezer.com\/wp-content\/uploads\/2017\/11\/mimarl\u0131k2de-300x180.jpg 300w, https:\/\/canersezer.com\/wp-content\/uploads\/2017\/11\/mimarl\u0131k2de-768x461.jpg 768w\" sizes=\"(max-width: 800px) 100vw, 800px\" \/><\/a>\n\t\t\t\t\t\t\n\t\t\n\t<\/div>\n\n\t\n\t<div class=\"col-md-3 item\">\n\t\t\n\t\t\t\t\t\n\t\t\t<h3>\u0130\u00e7 Mimarl\u0131k Hizmetleri<\/h3>\n\t\t\t<p>Ya\u015fam yeriniz, ofisiniz neden daha g\u00fczel olmas\u0131n ki? Caner Sezer Mimarl\u0131k ofisi olarak zevkinize uygun i\u00e7inizden ge\u00e7en projelere imza atmak istiyoruz. Caner Sezer Mimarl\u0131k ofisi olarak i\u015finde uzman ekibimiz ile\u00a0 harika projelere imza atmak i\u00e7in sizleri ofisimizde bekliyor\u00a0olaca\u011f\u0131z.<\/p>\n\t\t\t\t\t\t\t<div class=\"spacer-single-10\"><\/div>\n\t\t        <a href=\"https:\/\/canersezer.com\/?p=1672\"><img loading=\"lazy\" decoding=\"async\" width=\"800\" height=\"480\" src=\"https:\/\/canersezer.com\/wp-content\/uploads\/2017\/11\/i\u00e7-mimarl\u0131k.jpg\" class=\"img-responsive wp-post-image\" alt=\"\" srcset=\"https:\/\/canersezer.com\/wp-content\/uploads\/2017\/11\/i\u00e7-mimarl\u0131k.jpg 800w, https:\/\/canersezer.com\/wp-content\/uploads\/2017\/11\/i\u00e7-mimarl\u0131k-300x180.jpg 300w, https:\/\/canersezer.com\/wp-content\/uploads\/2017\/11\/i\u00e7-mimarl\u0131k-768x461.jpg 768w\" sizes=\"(max-width: 800px) 100vw, 800px\" \/><\/a>\n\t\t\t\t\t\t\n\t\t\n\t<\/div>\n\n\t\n\t<div class=\"col-md-3 item\">\n\t\t\n\t\t\t\t\t\n\t\t\t<h3>Akustik Rapor Hizmeti<\/h3>\n\t\t\t<p>31 may\u0131s 2018 tarihinde \u00c7evre ve \u015eehircilik Bakanl\u0131\u011f\u0131\u2019nca projelerde zorunlu hale getirilen Binalar\u0131n G\u00fcr\u00fclt\u00fcye Kar\u015f\u0131 Korunmas\u0131 kapsam\u0131nda \u00e7\u0131kar\u0131lan y\u00f6netmeli\u011fe uygun olarak Akustik uzmanlar\u0131m\u0131z taraf\u0131ndan sertifikal\u0131 Akustik Rapor hizmeti verilmektedir.<\/p>\n\t\t\t\t\t\t\t<div class=\"spacer-single-10\"><\/div>\n\t\t        <a href=\"https:\/\/canersezer.com\/?p=2031\"><img loading=\"lazy\" decoding=\"async\" width=\"650\" height=\"331\" src=\"https:\/\/canersezer.com\/wp-content\/uploads\/2018\/07\/custom-dashboard-report.png\" class=\"img-responsive wp-post-image\" alt=\"\" srcset=\"https:\/\/canersezer.com\/wp-content\/uploads\/2018\/07\/custom-dashboard-report.png 650w, https:\/\/canersezer.com\/wp-content\/uploads\/2018\/07\/custom-dashboard-report-300x153.png 300w\" sizes=\"(max-width: 650px) 100vw, 650px\" \/><\/a>\n\t\t\t\t\t\t\n\t\t\n\t<\/div>\n\n\t\t\n<\/div>\t\n\n[\/vc_column][\/vc_row][vc_row el_class=&#8221;call-to-action bg-color dark text-center&#8221; css=&#8221;.vc_custom_1453975681358{padding-top: 60px !important;padding-bottom: 60px !important;}&#8221;][vc_column]\t\t\t\n\n\t\t\t<a href=\"http:\/\/canersezer.com\/index.php\/iletisim\/\" class=\"btn btn-line-black btn-big  \">\u0130leti\u015fim<\/a>\n\t    \n[\/vc_column][\/vc_row]<\/p>\n","protected":false},"excerpt":{"rendered":"<p>[vc_row css=&#8221;.vc_custom_1453975727142{padding-top: 90px !important;padding-bottom: 30px !important;}&#8221;][vc_column][\/vc_column][\/vc_row][vc_row el_class=&#8221;call-to-action bg-color dark text-center&#8221; css=&#8221;.vc_custom_1453975681358{padding-top: 60px !important;padding-bottom: 60px !important;}&#8221;][vc_column][\/vc_column][\/vc_row]<\/p>\n","protected":false},"author":1,"featured_media":0,"parent":0,"menu_order":0,"comment_status":"closed","ping_status":"closed","template":"page-templates\/template-fullwidth.php","meta":{"footnotes":""},"_links":{"self":[{"href":"https:\/\/canersezer.com\/index.php\/wp-json\/wp\/v2\/pages\/915"}],"collection":[{"href":"https:\/\/canersezer.com\/index.php\/wp-json\/wp\/v2\/pages"}],"about":[{"href":"https:\/\/canersezer.com\/index.php\/wp-json\/wp\/v2\/types\/page"}],"author":[{"embeddable":true,"href":"https:\/\/canersezer.com\/index.php\/wp-json\/wp\/v2\/users\/1"}],"replies":[{"embeddable":true,"href":"https:\/\/canersezer.com\/index.php\/wp-json\/wp\/v2\/comments?post=915"}],"version-history":[{"count":0,"href":"https:\/\/canersezer.com\/index.php\/wp-json\/wp\/v2\/pages\/915\/revisions"}],"wp:attachment":[{"href":"https:\/\/canersezer.com\/index.php\/wp-json\/wp\/v2\/media?parent=915"}],"curies":[{"name":"wp","href":"https:\/\/api.w.org\/{rel}","templated":true}]}}